3. Is g a composite number?
False
Suppose 0 = -3*x - 2*b - 2*b + 3655, 4*x = 3*b + 4840. Suppose l - x = 636. Is l prime?
False
Let d(r) = r**3 + 4*r**2 - 10*r + 37. Suppose -20 = -0*s - 2*s - 5*c, -5*s + 3*c + 50 = 0. Is d(s) composite?
True
Let b(c) = 30*c - 8. Suppose 2*v - 14 = -2. Let q be b(v). Let p = q + 129. Is p a composite number?
True
Let u(d) = 951*d + 2. Is u(1) a composite number?
False
Let p = 179 - 300. Let o = p - 73. Let r = o - -273. Is r a prime number?
True
Let w = 4356 + -1640. Suppose -27*c + w = -23*c. Is c a prime number?
False
Is (-36)/(-48) - (-88801)/4 a composite number?
True
Suppose -36*h + 43698 = -30*h. Is h a prime number?
True
Let m(j) = -556*j - 73. Is m(-5) a prime number?
True
Suppose 3 = b + 1. Suppose 3 + b = h. Suppose h*f - 259 = 486. Is f composite?
False
Let k(n) be the first derivative of 98*n**3/3 + 2*n**2 - n - 40. Is k(-3) a prime number?
False
Suppose 56 = -4*v + 2*r, 0*v + 2*r - 69 = 5*v. Let u(g) = -14*g + 3. Let q(i) = 59*i - 11. Let n(s) = 2*q(s) + 9*u(s). Is n(v) composite?
False
Suppose -4*v + 5*x = -1, x = 3*v - 3 - 6. Suppose 4*b = 3*a - 6731, 0*a - 8958 = -v*a + 2*b. Is a prime?
True
Suppose -17544 = -4*z + 5*d, 5*z + 6*d - 21967 = 3*d. Is z a composite number?
False
Suppose -4*p = 3*w - 2722, -p - 3*w = -8*w - 669. Is p prime?
False
Suppose 180126 = 12*z - 6*z. Is z a composite number?
True
Suppose 0*z - 3*h = 4*z - 68, -2*z + 4*h + 34 = 0. Let y(b) = -b**3 + 16*b**2 + 18*b - 7. Is y(z) a composite number?
True
Let h(q) = 40*q**2 + 6*q + 7. Let z(s) = -s**2 + 3*s - 4. Let r be z(3). Is h(r) prime?
False
Let d(u) = 3*u**3 - 12*u**2 + 7*u + 165. Is d(14) a prime number?
True
Let p(x) = -x**2 + x - 1. Let w = 9 + -10. Let c(y) = -264*y**3 - 3*y**2 + 5*y - 5. Let m(j) = w*c(j) + 4*p(j). Is m(1) prime?
True
Let l = -15041 + 46050. Is l a prime number?
False
Let w(j) = 17*j**3 + j**2 - 7*j + 26. Is w(9) prime?
True
Let b be (-221)/(-3) + (-24)/(-72). Suppose 0 = 4*x - 6*x + b. Is x a composite number?
False
Suppose -1948 = 2*d - 0*d + 5*s, -2*d - 1944 = 3*s. Let p = d + 1468. Is p a composite number?
False
Let n = 61125 + -10418. Is n prime?
True
Let x = -212 - -320. Let p = x - 68. Let l = p - -147. Is l prime?
False
Suppose -5*o = -7*o - 12. Let l be (-573)/(-6) - o/4. Suppose 2*t = -5*u + 485, 0*u - l = -u - 2*t. Is u prime?
True
Let d(z) = z**2 - 6*z + 2. Let a be d(6). Let j(i) = 6*i - 32*i**a + 0 - 10 + 33*i**2. Is j(-17) composite?
True
Suppose 5395 = 6*n - n - 2*k, 3251 = 3*n - 4*k. Suppose -439 = -4*u + n. Is u composite?
False
Suppose 2*x - 18 = 3*l, 0 = x - 5*x - 3*l. Suppose -3*q + 2*d - 6*d + 89 = 0, x*d + 187 = 5*q. Is q a prime number?
False
Let o(n) be the second derivative of -n**4/6 + n**3/6 + 79*n**2/2 + n. Let y(a) = -6*a - 24. Let r be y(-4). Is o(r) prime?
True
Suppose -3*b - 6 = 0, -b + 10502 + 5401 = 5*y. Is y prime?
True
Suppose -5*q = 3*a - 449725, 2*a + 2*q + 449753 = 5*a. Is a a composite number?
True
Suppose 0 = -5*a + 2*i + 1824 - 131, 4*i = 5*a - 1701. Let m = a - -246. Is m a prime number?
False
Let l(c) = -c**3 - 7*c**2 - 7*c. Let z be l(-6). Suppose -6*q - 2*g = -5*q + 7, -2*g - z = 0. Is q - -1 - (-40 - -3) a composite number?
False
Suppose -6*t = 163 + 371. Let g = t + 678. Is g a prime number?
False
Suppose -5*k + 4*k - l + 4497 = 0, 3*k + l = 13487. Suppose -p + k = 4*p. Is p a prime number?
False
Is 10/((-8)/(-168)*6) a composite number?
True
Suppose -2*d - 3*d = 0. Suppose d = -4*g + 444 + 68. Suppose -g + 484 = 3*f + y, -5*f + 588 = -y. Is f composite?
True
Let o be (0/(-2))/((28/(-7))/(-2)). Suppose m = -1, o = -4*p - 5*m + 761 - 138. Is p a composite number?
False
Let l be 9 + 4/((-4)/(-3)). Suppose -4*x - h = l, -3*x = -6*x + h - 2. Is ((-1)/1)/(x/746) prime?
True
Is -1 - -3586 - (-52)/13 composite?
True
Suppose -4*q + 2*u = -6554, -3*q + 1296 = -5*u - 3630. Is q prime?
True
Suppose 3*q + 287*r - 60622 = 288*r, 0 = -q + 3*r + 20194. Is q prime?
False
Suppose 3*w - 14 = 2*c, -w = -2*c + 6*c. Let q(m) = -8*m + 7. Let p(l) = l. Let i(r) = c*p(r) - q(r). Is i(4) composite?
True
Let m(x) = x**3 + x**2 + x + 2. Let d be m(0). Suppose -4*s = d*c - 266, -4*s + 2*s - 141 = -c. Is 6/(-4) - c/(-2) composite?
False
Let a = -128 + 393. Is a a prime number?
False
Suppose -4 = 4*p + 3*z, -1 = z + 3. Is -3*2634/(-54)*(1 + p) a prime number?
True
Let g(y) = -8*y**3 - 7*y**2 - 6*y - 5. Suppose 0 = -4*h + 2*m - 12, 5*h + 4*m + 28 = -0*h. Is g(h) composite?
False
Let o(y) be the third derivative of -23*y**4/24 - 11*y**3/3 + 11*y**2. Is o(-9) composite?
True
Let p be (48/15)/(1/390). Let l = 124 - 477. Let u = l + p. Is u a prime number?
False
Let k(t) = 47*t**2 + 14*t + 31. Is k(-8) a composite number?
False
Suppose j = -0*j + 4*v + 2, -82 = 4*j + 2*v. Let z be 407/(-99) + (-2)/j. Is (15/(-12))/(z/2032) a prime number?
False
Let x(z) = z**2 + 4*z - 5. Let r be x(-5). Let c be (10/(-3))/(38/(-57)). Suppose r = -c*u + h - 673 + 2136, 584 = 2*u - h. Is u prime?
True
Is (3 - 1 - 7)*-433 a prime number?
False
Suppose 0 = 5*i - 0 - 5. Let s = 2 - i. Is -3 + (s - -3)*23 a prime number?
True
Suppose 0 = -5*j + 2*j - 2*m, -4 = 5*j + 2*m. Is -514*1*1/j a composite number?
False
Let j(p) = p**3 + 5*p**2 - p - 3. Let h be j(-5). Suppose -1944 = -2*s - h*s. Suppose 5*t - 259 = s. Is t composite?
False
Let o(j) = -6*j - 7. Let s be o(-7). Suppose -2*w + 3*h = -105, -2*w - 4*h + 8*h = -100. Let d = w - s. Is d a composite number?
True
Suppose -4*k = k. Suppose k = -p + 2*p + 2*r - 2, 2*p - 2*r - 10 = 0. Is 2221/7 - p/14 a composite number?
False
Let o = 40 + -40. Suppose -3059 = -7*v - o*v. Is v a prime number?
False
Let j = 1 + 1. Let g(n) = n**3 - n**2 - n + 2. Let y be g(j). Suppose -3*o = -y*o + 381. Is o prime?
False
Suppose 2*i + 2*s - 684 = 0, 5*s - 689 = -2*i + 2*s. Is i prime?
True
Suppose -4*n - k = -4115, -7*n + 4*k + 1016 = -6*n. Let x = 610 + 671. Suppose -5*p + x = 4*q, -3*q - 67 = 4*p - n. Is q composite?
True
Let x = -10 - -10. Let r(z) = -z**3 - 2*z + 553. Is r(x) composite?
True
Let z be 2/8 + (-161)/(-92). Suppose -3*k = -2*l - 0*l + 173, 0 = -3*l - z*k + 227. Is l composite?
False
Suppose 13*x + 3*w = 8*x + 759530, -5*x - 2*w + 759535 = 0. Is x a composite number?
False
Let k(c) = 53*c - 5. Let t(p) = 53*p - 4. Let s be -2*(-3)/6*5. Let g(l) = s*t(l) - 4*k(l). Is g(3) a prime number?
False
Suppose r - 41 = -0*r. Let v = 320 - r. Suppose 0 = 2*h - 5*o - v, 0 = -0*h - 4*h + o + 513. Is h a composite number?
False
Let l be (-4)/2 - -2 - -27. Suppose -4*f + 5 = f. Suppose -2*b + f = -l. Is b a composite number?
True
Let t = 902 + -598. Is t/4 + 0 + 3 a composite number?
False
Let h = -1333 - -641. Let i = h + 989. Suppose 5*p - 2*y = -3*y + i, 3*p - 185 = -4*y. Is p prime?
True
Suppose 4*h = t + 33672, -62*h = -60*h + 2*t - 16846. Is h a composite number?
False
Suppose -39745 = -10*g + 19305. Is g a composite number?
True
Let q(a) = 12*a**2 - 10*a + 10. Let b = -4 + 10. Is q(b) a prime number?
False
Let j = -7 - -5. Let p(d) = -33*d**3 + 4*d**2 + 6*d + 3. Is p(j) a composite number?
False
Suppose 0 = -3*q + 2*p, q + 4*p = 3*q. Suppose q = -y - 4*y, -2*y = 2*b - 370. Is b a prime number?
False
Suppose -4*r + r = r. Suppose 5*q - 5568 + 1183 = r. Is q a composite number?
False
Let r = 41 - 291. Let h = r - -909. Is h composite?
False
Let z(b) = -b**3 + 7*b**2 - 7*b + 7. Let m be z(6). Let w(g) = 8*g - 3. Let n be w(m). Suppose -2*o + o + 328 = -3*x, 0 = n*x - 5. Is o a prime number?
True
Suppose p - 5*p = 0. Let c be (3 + p)*(-2 - 3). Is (-1067)/c + 12/(-90) prime?
True
Let p = 13 - 187. Let w = -64 - p. Suppose -5 = -m - 4*k, 5*m + 4*k - w = k. Is m composite?
True
Let i = -33398 - -61521. Is i prime?
True
Suppose -1924 = -3*s - 646. Let t = -119 + s. Is t composite?
False
Let n(b) = 1058*b - 239. Is n(44) a composite number?
True
Let z(q) = -683*q. Let d(a) = 2733*a. Let v(y) = 2*d(y) + 9*z(y). Is v(-1) prime?
False
Let t(k) = 245*k**2 + 23*k - 23. Is t(4) composite?
False
Suppose -5*c = -d + 2919, 586 = -c + 4*d - 6*d. Let m be (c/2)/(8/20). Let n = 1059 + m. Is n a prime number?
False
Let b be (-11)/(-3)*39/1. Let x = 205 - b. Is x a prime number?
False
Let c = 19527 + -8500. Is c prime?
True
Suppose 0 = -9*v + 778 + 2201. Is v a prime number?
True
Let f = 813